{"id":2,"date":"2019-04-23T20:22:48","date_gmt":"2019-04-23T20:22:48","guid":{"rendered":"https:\/\/nilus-portofino.at\/?page_id=2"},"modified":"2026-01-12T09:50:00","modified_gmt":"2026-01-12T09:50:00","slug":"startseite","status":"publish","type":"page","link":"https:\/\/nilus-portofino.at\/","title":{"rendered":"Nilu&#8217;s Portofino"},"content":{"rendered":"<p>[et_pb_section fb_built=&#8220;1&#8243; module_id=&#8220;speisekarte-reservierung&#8220; _builder_version=&#8220;4.19.4&#8243; custom_padding=&#8220;32px||32px|||&#8220; link_option_url=&#8220;file:\/\/\/C:\/Users\/seidls\/Downloads\/Speisekarte%20A4_Magazin_8Seiter%20(2023).pdf&#8220; global_colors_info=&#8220;{}&#8220;][et_pb_row column_structure=&#8220;1_3,1_3,1_3&#8243; _builder_version=&#8220;4.17.3&#8243; global_colors_info=&#8220;{}&#8220;][et_pb_column type=&#8220;1_3&#8243; _builder_version=&#8220;4.16&#8243; custom_padding=&#8220;|||&#8220; global_colors_info=&#8220;{}&#8220; custom_padding__hover=&#8220;|||&#8220;][et_pb_blurb title=&#8220;Speisekarte&#8220; use_icon=&#8220;on&#8220; font_icon=&#8220;&#x68;||divi||400&#8243; icon_color=&#8220;#303030&#8243; image_icon_width=&#8220;4rem&#8220; module_id=&#8220;download-menu&#8220; _builder_version=&#8220;4.19.4&#8243; header_level=&#8220;h3&#8243; header_font=&#8220;Arial|||||on|||&#8220; header_font_size=&#8220;24px&#8220; body_font=&#8220;Julius Sans One|700|||||||&#8220; text_orientation=&#8220;center&#8220; width=&#8220;94.9%&#8220; min_height=&#8220;193.8px&#8220; custom_margin=&#8220;|-13px|5px|||&#8220; custom_padding=&#8220;|0px|0px|||&#8220; hover_enabled=&#8220;0&#8243; icon_font_size=&#8220;4rem&#8220; inline_fonts=&#8220;Julius Sans One&#8220; global_colors_info=&#8220;{}&#8220; sticky_enabled=&#8220;0&#8243;]<\/p>\n<h2><span style=\"font-size: small; font-family: 'Julius Sans One';\"><span style=\"color: #3c3c3c; font-style: normal; font-variant-ligatures: normal; font-variant-caps: normal; letter-spacing: normal; text-align: start; text-indent: 0px; text-transform: none; white-space: normal; word-spacing: 0px; -webkit-text-stroke-width: 0px; background-color: #ffffff; text-decoration-style: initial; text-decoration-color: initial; float: none; display: inline !important;\">Hausgemachte italienische Gaumenfreuden.<\/span><\/span><\/h2>\n<p>[\/et_pb_blurb][et_pb_image src=&#8220;https:\/\/nilus-portofino.at\/wp-content\/uploads\/2019\/05\/speisekarte-screen.png&#8220; url=&#8220;https:\/\/nilus-portofino.at\/wp-content\/uploads\/2024\/06\/Speisekarte-fuer-Homepage-ohne-Getraenke.pdf&#8220; _builder_version=&#8220;4.19.4&#8243; width=&#8220;48%&#8220; module_alignment=&#8220;center&#8220; custom_margin=&#8220;||9px|||&#8220; custom_padding=&#8220;0px|||||&#8220; global_colors_info=&#8220;{}&#8220;][\/et_pb_image][\/et_pb_column][et_pb_column type=&#8220;1_3&#8243; _builder_version=&#8220;4.16&#8243; custom_padding=&#8220;|||&#8220; global_colors_info=&#8220;{}&#8220; custom_padding__hover=&#8220;|||&#8220;][et_pb_blurb title=&#8220;Reservierung&#8220; use_icon=&#8220;on&#8220; font_icon=&#8220;&#xe012;||divi||400&#8243; icon_color=&#8220;#000000&#8243; image_icon_width=&#8220;4rem&#8220; _builder_version=&#8220;4.19.4&#8243; header_level=&#8220;h3&#8243; header_font=&#8220;Arial|||||on|||&#8220; header_font_size=&#8220;26px&#8220; body_font=&#8220;Arial|700|||||||&#8220; text_orientation=&#8220;center&#8220; custom_padding=&#8220;||1px|||&#8220; hover_enabled=&#8220;0&#8243; icon_font_size=&#8220;4rem&#8220; inline_fonts=&#8220;Julius Sans One,Arial,Arima Madurai&#8220; global_colors_info=&#8220;{}&#8220; sticky_enabled=&#8220;0&#8243;]<\/p>\n<p><span style=\"font-family: 'Julius Sans One'; font-size: small;\"><\/span><\/p>\n<h4><span style=\"font-family: 'Julius Sans One'; font-size: small;\">Bitte teilen Sie uns Ihren Reservierung ausschlie\u00dflich telefonisch mit.<\/span><\/h4>\n<p><strong><span style=\"font-family: 'Julius Sans One';\"><\/span><\/strong><\/p>\n<p><strong><span style=\"font-family: 'Julius Sans One';\">\u00a0TELEFON<\/span><\/strong><br \/><strong><span style=\"font-size: medium; font-family: 'Julius Sans One';\"><a href=\"tel:+43622720438\">+43 6227 20438<\/a><\/span><\/strong><\/p>\n<p>&nbsp;<\/p>\n<p>[\/et_pb_blurb][\/et_pb_column][et_pb_column type=&#8220;1_3&#8243; _builder_version=&#8220;4.16&#8243; custom_padding=&#8220;|||&#8220; hover_enabled=&#8220;0&#8243; global_colors_info=&#8220;{}&#8220; custom_padding__hover=&#8220;|||&#8220; sticky_enabled=&#8220;0&#8243;][et_pb_blurb title=&#8220; \u00d6ffnungszeiten &#8220; use_icon=&#8220;on&#8220; font_icon=&#8220;&#x7d;||divi||400&#8243; icon_color=&#8220;#303030&#8243; image_icon_width=&#8220;4rem&#8220; content_max_width=&#8220;558px&#8220; _builder_version=&#8220;4.19.4&#8243; header_level=&#8220;h3&#8243; header_font=&#8220;Arial|||||on|||&#8220; header_font_size=&#8220;26px&#8220; body_font=&#8220;Julius Sans One|700|||||||&#8220; body_font_size=&#8220;5px&#8220; text_orientation=&#8220;center&#8220; hover_enabled=&#8220;0&#8243; icon_font_size=&#8220;4rem&#8220; global_colors_info=&#8220;{}&#8220; sticky_enabled=&#8220;0&#8243;]<\/p>\n<h6 style=\"text-align: center;\"><\/h6>\n<h6 style=\"text-align: center;\"><\/h6>\n<h6 style=\"text-align: center;\">11:30 &#8211; 21:00<\/p>\n<p>durchgehend warme K\u00fcche<\/p>\n<p><strong>Mittwoch &amp; Donnerstag<\/strong><\/p>\n<p><strong>Ruhetag!<\/strong><\/h6>\n<h6><strong><span class=\"a_GcMg font-feature-liga-off font-feature-clig-off font-feature-calt-off text-decoration-none text-strikethrough-none\"><\/span><\/strong><\/h6>\n<p><strong><span class=\"a_GcMg font-feature-liga-off font-feature-clig-off font-feature-calt-off text-decoration-none text-strikethrough-none\"><\/span><\/strong><\/p>\n<p><strong><span class=\"a_GcMg font-feature-liga-off font-feature-clig-off font-feature-calt-off text-decoration-none text-strikethrough-none\"><\/span><\/strong><\/p>\n<p>[\/et_pb_blurb][\/et_pb_column][\/et_pb_row][\/et_pb_section][et_pb_section fb_built=&#8220;1&#8243; custom_padding_last_edited=&#8220;on|desktop&#8220; admin_label=&#8220;Coming soon&#8220; _builder_version=&#8220;4.19.4&#8243; background_color=&#8220;rgba(224,153,0,0.3)&#8220; min_height=&#8220;131px&#8220; custom_margin=&#8220;||&#8220; custom_padding=&#8220;0px||0px|||&#8220; custom_padding_tablet=&#8220;19px|0|50px|0||&#8220; custom_padding_phone=&#8220;&#8220; transparent_background=&#8220;off&#8220; padding_mobile=&#8220;off&#8220; make_fullwidth=&#8220;off&#8220; use_custom_width=&#8220;off&#8220; width_unit=&#8220;on&#8220; collapsed=&#8220;off&#8220; global_colors_info=&#8220;{}&#8220;][et_pb_row padding_mobile=&#8220;off&#8220; column_padding_mobile=&#8220;on&#8220; admin_label=&#8220;row&#8220; _builder_version=&#8220;4.16&#8243; background_size=&#8220;initial&#8220; background_position=&#8220;top_left&#8220; background_repeat=&#8220;repeat&#8220; width=&#8220;90%&#8220; max_width=&#8220;760px&#8220; min_height=&#8220;24.4px&#8220; custom_margin=&#8220;|auto|133px|auto||&#8220; custom_padding=&#8220;||0px|||&#8220; make_fullwidth=&#8220;off&#8220; use_custom_width=&#8220;on&#8220; width_unit=&#8220;on&#8220; custom_width_px=&#8220;760px&#8220; global_colors_info=&#8220;{}&#8220;][et_pb_column type=&#8220;4_4&#8243; _builder_version=&#8220;4.16&#8243; custom_padding=&#8220;|||&#8220; global_colors_info=&#8220;{}&#8220; custom_padding__hover=&#8220;|||&#8220;][et_pb_text _builder_version=&#8220;4.19.4&#8243; _module_preset=&#8220;default&#8220; global_colors_info=&#8220;{}&#8220;]<\/p>\n<p style=\"text-align: center;\">\n<p>&nbsp;<\/p>\n<p>[\/et_pb_text][\/et_pb_column][\/et_pb_row][et_pb_row _builder_version=&#8220;4.17.3&#8243; _module_preset=&#8220;default&#8220; custom_margin=&#8220;-204px|515px||433px||&#8220; custom_padding=&#8220;12px|||||&#8220; global_colors_info=&#8220;{}&#8220;][et_pb_column type=&#8220;4_4&#8243; _builder_version=&#8220;4.17.3&#8243; _module_preset=&#8220;default&#8220; global_colors_info=&#8220;{}&#8220;][et_pb_text _builder_version=&#8220;4.19.4&#8243; _module_preset=&#8220;default&#8220; width=&#8220;99.9%&#8220; custom_padding=&#8220;|510px||41px||&#8220; global_colors_info=&#8220;{}&#8220;][\/et_pb_text][\/et_pb_column][\/et_pb_row][\/et_pb_section][et_pb_section fb_built=&#8220;1&#8243; fullwidth=&#8220;on&#8220; _builder_version=&#8220;4.16&#8243; global_colors_info=&#8220;{}&#8220;][et_pb_fullwidth_slider _builder_version=&#8220;4.17.3&#8243; header_font=&#8220;Julius Sans One|||on|||||&#8220; header_text_align=&#8220;center&#8220; header_text_color=&#8220;#B3B3B3&#8243; body_font=&#8220;Julius Sans One|||||on|||&#8220; body_text_align=&#8220;center&#8220; body_text_color=&#8220;#6B6B6B&#8220; min_height=&#8220;640px&#8220; custom_padding=&#8220;||102px|||&#8220; auto=&#8220;on&#8220; auto_speed=&#8220;3000&#8243; text_shadow_style=&#8220;preset2&#8243; global_colors_info=&#8220;{}&#8220;][et_pb_slide _builder_version=&#8220;4.16&#8243; background_image=&#8220;https:\/\/nilus-portofino.at\/wp-content\/uploads\/2019\/05\/nilus-portofino-3.jpeg&#8220; global_colors_info=&#8220;{}&#8220; sticky_transition=&#8220;on&#8220;][\/et_pb_slide][et_pb_slide _builder_version=&#8220;4.16&#8243; background_image=&#8220;https:\/\/nilus-portofino.at\/wp-content\/uploads\/2019\/05\/nilus-portofino-1.jpeg&#8220; global_colors_info=&#8220;{}&#8220; sticky_transition=&#8220;on&#8220;][\/et_pb_slide][et_pb_slide _builder_version=&#8220;4.16&#8243; background_image=&#8220;https:\/\/nilus-portofino.at\/wp-content\/uploads\/2019\/05\/nilus-portofino-18.jpeg&#8220; global_colors_info=&#8220;{}&#8220; sticky_transition=&#8220;on&#8220;][\/et_pb_slide][et_pb_slide _builder_version=&#8220;4.16&#8243; background_image=&#8220;https:\/\/nilus-portofino.at\/wp-content\/uploads\/2019\/05\/nilus-portofino-31.jpeg&#8220; global_colors_info=&#8220;{}&#8220; sticky_transition=&#8220;on&#8220;][\/et_pb_slide][\/et_pb_fullwidth_slider][\/et_pb_section][et_pb_section fb_built=&#8220;1&#8243; specialty=&#8220;on&#8220; _builder_version=&#8220;4.17.3&#8243; _module_preset=&#8220;default&#8220; global_colors_info=&#8220;{}&#8220;][et_pb_column type=&#8220;1_2&#8243; specialty_columns=&#8220;2&#8243; _builder_version=&#8220;4.16&#8243; custom_padding=&#8220;|||&#8220; global_colors_info=&#8220;{}&#8220; custom_padding__hover=&#8220;|||&#8220;][et_pb_row_inner _builder_version=&#8220;4.17.3&#8243; _module_preset=&#8220;default&#8220; global_colors_info=&#8220;{}&#8220;][et_pb_column_inner saved_specialty_column_type=&#8220;1_2&#8243; _builder_version=&#8220;4.17.3&#8243; _module_preset=&#8220;default&#8220; global_colors_info=&#8220;{}&#8220;][et_pb_text _builder_version=&#8220;4.17.3&#8243; _module_preset=&#8220;default&#8220; global_colors_info=&#8220;{}&#8220;]<\/p>\n<p style=\"text-align: center;\">Unsere neu gestaltetes Restaurant mit gro\u00dfem, sonnigen Gastgarten und herrlichem Seeblick ist der ideale Anlaufpunkt f\u00fcr feinschmecker und Liebhaber von Gem\u00fctlichkeit und Stil.<\/p>\n<p>[\/et_pb_text][\/et_pb_column_inner][\/et_pb_row_inner][\/et_pb_column][et_pb_column type=&#8220;1_2&#8243; _builder_version=&#8220;4.16&#8243; custom_padding=&#8220;|||&#8220; global_colors_info=&#8220;{}&#8220; custom_padding__hover=&#8220;|||&#8220;][\/et_pb_column][\/et_pb_section][et_pb_section fb_built=&#8220;1&#8243; fullwidth=&#8220;on&#8220; _builder_version=&#8220;4.16&#8243; global_colors_info=&#8220;{}&#8220;][et_pb_fullwidth_map address=&#8220;Mondseestra\u00dfe 13\/15, 5340 St. Gilgen, \u00d6sterreich&#8220; zoom_level=&#8220;13&#8243; address_lat=&#8220;47.7687151&#8243; address_lng=&#8220;13.3673653&#8243; _builder_version=&#8220;4.16&#8243; global_colors_info=&#8220;{}&#8220;][et_pb_map_pin title=&#8220;nilu\u2019s portofino \u2013 ristorante e pizzeria&#8220; pin_address=&#8220;Mondseestra\u00dfe 13\/15, 5340 St. Gilgen, \u00d6sterreich&#8220; zoom_level=&#8220;13&#8243; pin_address_lat=&#8220;47.7687151&#8243; pin_address_lng=&#8220;13.3673653&#8243; _builder_version=&#8220;4.2.2&#8243; global_colors_info=&#8220;{}&#8220;]<\/p>\n<div class=\"et_pb_module et_pb_text et_pb_text_3  et_pb_text_align_left et_pb_bg_layout_light\">\n<div class=\"et_pb_text_inner\">\n<p><span>Mondseerstra\u00dfe 13-15<\/span><br \/><span>5340 St. Gilgen<\/span><br \/><span>\u00d6sterreich<br \/><\/span><br \/><span>Tel.: +43 6227 20438<\/span><br \/><span>E-Mail: info@nilus-portofino.at<\/span><\/p>\n<\/div>\n<\/div>\n<p>[\/et_pb_map_pin][\/et_pb_fullwidth_map][\/et_pb_section][et_pb_section fb_built=&#8220;1&#8243; _builder_version=&#8220;4.16&#8243; global_colors_info=&#8220;{}&#8220;][et_pb_row column_structure=&#8220;3_5,2_5&#8243; _builder_version=&#8220;4.16&#8243; global_colors_info=&#8220;{}&#8220;][et_pb_column type=&#8220;3_5&#8243; _builder_version=&#8220;4.16&#8243; custom_padding=&#8220;|||&#8220; global_colors_info=&#8220;{}&#8220; custom_padding__hover=&#8220;|||&#8220;][et_pb_text _builder_version=&#8220;4.16&#8243; inline_fonts=&#8220;Julius Sans One&#8220; global_colors_info=&#8220;{}&#8220;]<\/p>\n<p><strong><span style=\"font-size: 14px; font-family: 'Julius Sans One';\"><span style=\"color: #666666; font-style: normal; font-variant-ligatures: normal; font-variant-caps: normal; letter-spacing: normal; text-align: left; text-indent: 0px; text-transform: none; white-space: normal; word-spacing: 0px; -webkit-text-stroke-width: 0px; background-color: #ffffff; text-decoration-style: initial; text-decoration-color: initial; float: none; display: inline !important;\">nilu\u2019s portofino \u2013 ristorante e pizzeria<\/span><\/span><\/strong><br style=\"box-sizing: border-box; color: #666666; font-family: 'Open Sans', Arial, sans-serif; font-size: 14px; font-style: normal; font-variant-ligatures: normal; font-variant-caps: normal; font-weight: 500; letter-spacing: normal; orphans: 2; text-align: left; text-indent: 0px; text-transform: none; white-space: normal; widows: 2; word-spacing: 0px; -webkit-text-stroke-width: 0px; background-color: #ffffff; text-decoration-style: initial; text-decoration-color: initial;\" \/><strong><span style=\"color: #666666; font-family: 'Julius Sans One'; font-size: 14px; font-style: normal; font-variant-ligatures: normal; font-variant-caps: normal; letter-spacing: normal; orphans: 2; text-align: left; text-indent: 0px; text-transform: none; white-space: normal; widows: 2; word-spacing: 0px; -webkit-text-stroke-width: 0px; background-color: #ffffff; text-decoration-style: initial; text-decoration-color: initial; float: none; display: inline !important;\">Mondseerstra\u00dfe 13-15<\/span><\/strong><br style=\"box-sizing: border-box; color: #666666; font-family: 'Open Sans', Arial, sans-serif; font-size: 14px; font-style: normal; font-variant-ligatures: normal; font-variant-caps: normal; font-weight: 500; letter-spacing: normal; orphans: 2; text-align: left; text-indent: 0px; text-transform: none; white-space: normal; widows: 2; word-spacing: 0px; -webkit-text-stroke-width: 0px; background-color: #ffffff; text-decoration-style: initial; text-decoration-color: initial;\" \/><strong><span style=\"color: #666666; font-family: 'Julius Sans One'; font-size: 14px; font-style: normal; font-variant-ligatures: normal; font-variant-caps: normal; letter-spacing: normal; orphans: 2; text-align: left; text-indent: 0px; text-transform: none; white-space: normal; widows: 2; word-spacing: 0px; -webkit-text-stroke-width: 0px; background-color: #ffffff; text-decoration-style: initial; text-decoration-color: initial; float: none; display: inline !important;\">5340 St. Gilgen<\/span><\/strong><br style=\"box-sizing: border-box; color: #666666; font-family: 'Open Sans', Arial, sans-serif; font-size: 14px; font-style: normal; font-variant-ligatures: normal; font-variant-caps: normal; font-weight: 500; letter-spacing: normal; orphans: 2; text-align: left; text-indent: 0px; text-transform: none; white-space: normal; widows: 2; word-spacing: 0px; -webkit-text-stroke-width: 0px; background-color: #ffffff; text-decoration-style: initial; text-decoration-color: initial;\" \/><strong><span style=\"color: #666666; font-family: 'Julius Sans One'; font-size: 14px; font-style: normal; font-variant-ligatures: normal; font-variant-caps: normal; letter-spacing: normal; orphans: 2; text-align: left; text-indent: 0px; text-transform: none; white-space: normal; widows: 2; word-spacing: 0px; -webkit-text-stroke-width: 0px; background-color: #ffffff; text-decoration-style: initial; text-decoration-color: initial; float: none; display: inline !important;\">\u00d6sterreich<\/span><\/strong><\/p>\n<p><br style=\"box-sizing: border-box; color: #666666; font-family: 'Open Sans', Arial, sans-serif; font-size: 14px; font-style: normal; font-variant-ligatures: normal; font-variant-caps: normal; font-weight: 500; letter-spacing: normal; orphans: 2; text-align: left; text-indent: 0px; text-transform: none; white-space: normal; widows: 2; word-spacing: 0px; -webkit-text-stroke-width: 0px; background-color: #ffffff; text-decoration-style: initial; text-decoration-color: initial;\" \/><span style=\"color: #666666; font-family: 'Open Sans', Arial, sans-serif; font-size: 14px; font-style: normal; font-variant-ligatures: normal; font-variant-caps: normal; font-weight: 500; letter-spacing: normal; orphans: 2; text-align: left; text-indent: 0px; text-transform: none; white-space: normal; widows: 2; word-spacing: 0px; -webkit-text-stroke-width: 0px; background-color: #ffffff; text-decoration-style: initial; text-decoration-color: initial; display: inline !important; float: none;\">Tel: +43 6227 20438<\/span><br style=\"box-sizing: border-box; color: #666666; font-family: 'Open Sans', Arial, sans-serif; font-size: 14px; font-style: normal; font-variant-ligatures: normal; font-variant-caps: normal; font-weight: 500; letter-spacing: normal; orphans: 2; text-align: left; text-indent: 0px; text-transform: none; white-space: normal; widows: 2; word-spacing: 0px; -webkit-text-stroke-width: 0px; background-color: #ffffff; text-decoration-style: initial; text-decoration-color: initial;\" \/><span style=\"color: #666666; font-family: 'Open Sans', Arial, sans-serif; font-size: 14px; font-style: normal; font-variant-ligatures: normal; font-variant-caps: normal; font-weight: 500; letter-spacing: normal; orphans: 2; text-align: left; text-indent: 0px; text-transform: none; white-space: normal; widows: 2; word-spacing: 0px; -webkit-text-stroke-width: 0px; background-color: #ffffff; text-decoration-style: initial; text-decoration-color: initial; display: inline !important; float: none;\">E-Mail: info@nilus-portofino.at<\/span><\/p>\n<p>[\/et_pb_text][et_pb_social_media_follow _builder_version=&#8220;4.16&#8243; global_colors_info=&#8220;{}&#8220;][et_pb_social_media_follow_network social_network=&#8220;facebook&#8220; _builder_version=&#8220;4.16&#8243; background_color=&#8220;#3b5998&#8243; global_colors_info=&#8220;{}&#8220; follow_button=&#8220;off&#8220; url_new_window=&#8220;on&#8220;]facebook[\/et_pb_social_media_follow_network][et_pb_social_media_follow_network social_network=&#8220;instagram&#8220; _builder_version=&#8220;4.16&#8243; background_color=&#8220;#ea2c59&#8243; global_colors_info=&#8220;{}&#8220; follow_button=&#8220;off&#8220; url_new_window=&#8220;on&#8220;]instagram[\/et_pb_social_media_follow_network][et_pb_social_media_follow_network social_network=&#8220;twitter&#8220; _builder_version=&#8220;4.16&#8243; background_color=&#8220;#00aced&#8220; global_colors_info=&#8220;{}&#8220; follow_button=&#8220;off&#8220; url_new_window=&#8220;on&#8220;]twitter[\/et_pb_social_media_follow_network][\/et_pb_social_media_follow][\/et_pb_column][et_pb_column type=&#8220;2_5&#8243; _builder_version=&#8220;4.16&#8243; custom_padding=&#8220;|||&#8220; global_colors_info=&#8220;{}&#8220; custom_padding__hover=&#8220;|||&#8220;][\/et_pb_column][\/et_pb_row][\/et_pb_section]<\/p>\n","protected":false},"excerpt":{"rendered":"<p>Hausgemachte italienische Gaumenfreuden. Bitte teilen Sie uns Ihren Reservierung ausschlie\u00dflich telefonisch mit. \u00a0TELEFON+43 6227 20438 &nbsp; 11:30 &#8211; 21:00 durchgehend warme K\u00fcche Mittwoch &amp; Donnerstag Ruhetag! &nbsp;Unsere neu gestaltetes Restaurant mit gro\u00dfem, sonnigen Gastgarten und herrlichem Seeblick ist der ideale Anlaufpunkt f\u00fcr feinschmecker und Liebhaber von Gem\u00fctlichkeit und Stil. Mondseerstra\u00dfe 13-155340 St. Gilgen\u00d6sterreichTel.: +43 6227 [&hellip;]<\/p>\n","protected":false},"author":2,"featured_media":0,"parent":0,"menu_order":0,"comment_status":"closed","ping_status":"closed","template":"","meta":{"_et_pb_use_builder":"on","_et_pb_old_content":"","_et_gb_content_width":""},"_links":{"self":[{"href":"https:\/\/nilus-portofino.at\/index.php\/wp-json\/wp\/v2\/pages\/2"}],"collection":[{"href":"https:\/\/nilus-portofino.at\/index.php\/wp-json\/wp\/v2\/pages"}],"about":[{"href":"https:\/\/nilus-portofino.at\/index.php\/wp-json\/wp\/v2\/types\/page"}],"author":[{"embeddable":true,"href":"https:\/\/nilus-portofino.at\/index.php\/wp-json\/wp\/v2\/users\/2"}],"replies":[{"embeddable":true,"href":"https:\/\/nilus-portofino.at\/index.php\/wp-json\/wp\/v2\/comments?post=2"}],"version-history":[{"count":143,"href":"https:\/\/nilus-portofino.at\/index.php\/wp-json\/wp\/v2\/pages\/2\/revisions"}],"predecessor-version":[{"id":28945,"href":"https:\/\/nilus-portofino.at\/index.php\/wp-json\/wp\/v2\/pages\/2\/revisions\/28945"}],"wp:attachment":[{"href":"https:\/\/nilus-portofino.at\/index.php\/wp-json\/wp\/v2\/media?parent=2"}],"curies":[{"name":"wp","href":"https:\/\/api.w.org\/{rel}","templated":true}]}}